ime factors of 195?
3, 5, 13
List the prime factors of 2229.
3, 743
List the prime factors of 2246.
2, 1123
List the prime factors of 133520.
2, 5, 1669
What are the prime factors of 2963?
2963
What are the prime factors of 127454?
2, 63727
List the prime factors of 1544.
2, 193
List the prime factors of 32119.
32119
List the prime factors of 1015.
5, 7, 29
List the prime factors of 43163.
17, 2539
What are the prime factors of 2536?
2, 317
List the prime factors of 2553.
3, 23, 37
List the prime factors of 763.
7, 109
List the prime factors of 119617.
119617
What are the prime factors of 1074?
2, 3, 179
What are the prime factors of 14702?
2, 7351
What are the prime factors of 25485?
3, 5, 1699
What are the prime factors of 6294?
2, 3, 1049
What are the prime factors of 52?
2, 13
List the prime factors of 46222.
2, 11, 191
What are the prime factors of 24483?
3, 8161
List the prime factors of 2542.
2, 31, 41
List the prime factors of 63511.
7, 43, 211
List the prime factors of 3048.
2, 3, 127
List the prime factors of 10342.
2, 5171
List the prime factors of 12746.
2, 6373
What are the prime factors of 24507?
3, 7, 389
List the prime factors of 3494.
2, 1747
What are the prime factors of 215?
5, 43
What are the prime factors of 2102?
2, 1051
List the prime factors of 48921.
3, 23, 709
List the prime factors of 51444.
2, 3, 1429
What are the prime factors of 4777?
17, 281
What are the prime factors of 68030?
2, 5, 6803
What are the prime factors of 3538?
2, 29, 61
What are the prime factors of 2676?
2, 3, 223
List the prime factors of 116023.
157, 739
What are the prime factors of 28192?
2, 881
List the prime factors of 2195.
5, 439
What are the prime factors of 1834?
2, 7, 131
List the prime factors of 945.
3, 5, 7
What are the prime factors of 4167?
3, 463
List the prime factors of 9914.
2, 4957
List the prime factors of 1843.
19, 97
What are the prime factors of 936?
2, 3, 13
What are the prime factors of 10810?
2, 5, 23, 47
List the prime factors of 395.
5, 79
List the prime factors of 6905.
5, 1381
What are the prime factors of 25623?
3, 13, 73
List the prime factors of 4005.
3, 5, 89
What are the prime factors of 49397?
47, 1051
List the prime factors of 9017.
71, 127
What are the prime factors of 452?
2, 113
What are the prime factors of 22062?
2, 3, 3677
What are the prime factors of 46832?
2, 2927
List the prime factors of 1472.
2, 23
What are the prime factors of 52588?
2, 13147
What are the prime factors of 494?
2, 13, 19
List the prime factors of 1161.
3, 43
List the prime factors of 2794.
2, 11, 127
List the prime factors of 190.
2, 5, 19
List the prime factors of 37937.
59, 643
What are the prime factors of 4787?
4787
List the prime factors of 24870.
2, 3, 5, 829
List the prime factors of 5126.
2, 11, 233
What are the prime factors of 2893?
11, 263
What are the prime factors of 1719?
3, 191
What are the prime factors of 1586?
2, 13, 61
List the prime factors of 7294.
2, 7, 521
List the prime factors of 673.
673
What are the prime factors of 3109?
3109
List the prime factors of 16375.
5, 131
List the prime factors of 1882.
2, 941
List the prime factors of 3598.
2, 7, 257
What are the prime factors of 5471?
5471
What are the prime factors of 26636?
2, 6659
What are the prime factors of 399?
3, 7, 19
What are the prime factors of 22958?
2, 13, 883
What are the prime factors of 11964?
2, 3, 997
List the prime factors of 47303.
47303
What are the prime factors of 22053?
3, 7351
List the prime factors of 5357.
11, 487
List the prime factors of 7117.
11, 647
List the prime factors of 59805.
3, 5, 443
List the prime factors of 3091.
11, 281
List the prime factors of 64412.
2, 16103
List the prime factors of 4583.
4583
What are the prime factors of 49?
7
What are the prime factors of 2711?
2711
List the prime factors of 12460.
2, 5, 7, 89
List the prime factors of 19217.
11, 1747
List the prime factors of 6543.
3, 727
List the prime factors of 5842.
2, 23, 127
List the prime factors of 50223.
3, 16741
List the prime factors of 10194.
2, 3, 1699
What are the prime factors of 13259?
13259
List the prime factors of 1095.
3, 5, 73
List the prime factors of 31333.
31333
List the prime factors of 8952.
2, 3, 373
What are the prime factors of 2373?
3, 7, 113
List the prime factors of 1172.
2, 293
What are the prime factors of 3621?
3, 17, 71
List the prime factors of 13156.
2, 11, 13, 23
What are the prime factors of 4688?
2, 293
What are the prime factors of 41670?
2, 3, 5, 463
List the prime factors of 2255.
5, 11, 41
List the prime factors of 229.
229
What are the prime factors of 27375?
3, 5, 73
What are the prime factors of 19339?
83, 233
List the prime factors of 7183.
11, 653
What are the prime factors of 325?
5, 13
What are the prime factors of 6848?
2, 107
List the prime factors of 141478.
2, 127, 557
List the prime factors of 4461.
3, 1487
What are the prime factors of 1840?
2, 5, 23
What are the prime factors of 28391?
11, 29, 89
List the prime factors of 8617.
7, 1231
What are the prime factors of 19475?
5, 19, 41
List the prime factors of 36828.
2, 3, 11, 31
What are the prime factors of 16335?
3, 5, 11
What are the prime factors of 791?
7, 113
List the prime factors of 49112.
2, 7, 877
List the prime factors of 56626.
2, 23, 1231
What are the prime factors of 10086?
2, 3, 41
List the prime factors of 29101.
29101
What are the prime factors of 9012?
2, 3, 751
What are the prime factors of 109307?
11, 19, 523
What are the prime factors of 70?
2, 5, 7
List the prime factors of 47540.
2, 5, 2377
What are the prime factors of 122402?
2, 7, 1249
List the prime factors of 16819.
11, 139
What are the prime factors of 4677?
3, 1559
What are the prime factors of 363?
3, 11
List the prime factors of 11743.
11743
What are the prime factors of 16088?
2, 2011
List the prime factors of 12665.
5, 17, 149
What are the prime factors of 5422?
2, 2711
List the prime factors of 4799.
4799
List the prime factors of 525.
3, 5, 7
List the prime factors of 5404.
2, 7, 193
What are the prime factors of 122?
2, 61
What are the prime factors of 68909?
68909
List the prime factors of 48869.
48869
What are the prime factors of 19991?
19991
What are the prime factors of 1340?
2, 5, 67
What are the prime factors of 108?
2, 3
List the prime factors of 69988.
2, 17497
What are the prime factors of 5939?
5939
What are the prime factors of 181?
181
List the prime factors of 9903.
3, 3301
List the prime factors of 853.
853
List the prime factors of 131731.
131731
What are the prime factors of 1332?
2, 3, 37
List the prime factors of 8027.
23, 349
What are the prime factors of 539?
7, 11
What are the prime factors of 13127?
13127
What are the prime factors of 15885?
3, 5, 353
What are the prime factors of 11894?
2, 19, 313
What are the prime factors of 4931?
4931
List the prime factors of 10318.
2, 7, 11, 67
What are the prime factors of 4889?
4889
List the prime factors of 144551.
11, 17, 773
List the prime factors of 454.
2, 227
List the prime factors of 416.
2, 13
What are the prime factors of 1616?
2, 101
What are the prime factors of 5112?
2, 3, 71
What are the prime factors of 2340?
2, 3, 5, 13
List the prime factors of 36.
2, 3
List the prime factors of 23534.
2, 7, 41
What are the prime factors of 33951?
3, 11317
What are the prime factors of 1222?
2, 13, 47
List the prime factors of 1817.
23, 79
List the prime factors of 1137.
3, 379
List the prime factors of 2403.
3, 89
List the prime factors of 6444.
2, 3, 179
What are the prime factors of 23119?
61, 379
List the prime factors of 6390.
2, 3, 5, 71
What are the prime factors of 851?
23, 37
What are the prime factors of 16147?
67, 241
List the prime factors of 1503.
3, 167
List the prime factors of 20830.
2, 5, 2083
List the prime factors of 853.
853
What are the prime factors of 7677?
3, 853
List the prime factors of 9516.
2, 3, 13, 61
What are the prime factors of 3830?
2, 5, 383
What are the prime factors of 24167?
11, 13
What are the prime factors of 6193?
11, 563
What are the prime factors of 1714?
2, 857
What are the prime factors of 6095?
5, 23, 53
What are the prime factors of 2958?
2, 3, 17, 29
List the prime factors of 3249.
3, 19
List the prime factors of 42963.
3, 14321
List the prime factors 